f - 11 = 11. List the prime factors of u(v).
3, 5
Suppose -128941 = -12*n - 53329. List the prime factors of n.
6301
Let w(b) = 2*b**2 - 4*b - 20. Let j be w(13). Let z = -41 + j. List the prime factors of z.
3, 5
Let x(t) = -t**3 + 22*t**2 + 225*t + 55. List the prime factors of x(-24).
13, 1627
Suppose -3*l - 53883 = -3*r, 2*r + 5*l + 12795 = 48668. List the prime factors of r.
2, 47, 191
Let h(l) = 113*l**2 - 182*l + 4. What are the prime factors of h(9)?
73, 103
Let r(y) = -1954*y + 525. What are the prime factors of r(-2)?
11, 13, 31
Let t(k) = 94*k**2 - 191*k - 156. What are the prime factors of t(-11)?
19, 701
Let u = -875 - -1352. Suppose u + 1273 = 2*r. What are the prime factors of r?
5, 7
Suppose 35 = 4*k - 5*m, 78*k + 11 = 82*k + 3*m. What are the prime factors of k + (-5 - (5 + -1440))?
5, 7, 41
Suppose -1076 = -i - 5*d, -10*d + 5*d = -4*i + 4279. Suppose n + 2*n = i. What are the prime factors of n?
3, 7, 17
Suppose 26*m - 28*m = 2*r - 34, 5*r = m - 11. Let o(b) = b**3 - 14*b**2 - 8*b + 22. List the prime factors of o(m).
2, 7, 29
Let q = 358 + -398. List the prime factors of ((-224)/q)/(3/390).
2, 7, 13
Let k(t) = -14341*t + 3*t**2 - 6*t**2 + 14230*t - 34. What are the prime factors of k(-29)?
2, 331
Suppose -139*d + 118923 + 913081 = -348266. List the prime factors of d.
2, 3, 5, 331
Let z(h) = -h**3 + 3*h**2 - h. Let q be z(3). Let c = q + 10. What are the prime factors of (-2)/c - (-900)/14?
2
Suppose -4*u = 3*h + 121, -3*u + 1 = 2*h + 82. Let m = h - -43. Suppose 0 = -3*i - m*j + 680, 0 = 2*i - 2*j - 262 - 168. What are the prime factors of i?
2, 5, 11
List the prime factors of (-84)/(-168) - 2/(-4)*7891.
2, 1973
Suppose 31964 = 6*f + 4*m, 0 = f - 10*m + 14*m - 5344. What are the prime factors of f?
2, 11
List the prime factors of -1*((-1467044)/310 - 2/(-5)).
2, 7, 13
Suppose 28*c + 65*c = 271839. What are the prime factors of c?
37, 79
Suppose 3*g + g = 3*f + 9, 0 = -2*f + 5*g - 6. List the prime factors of (22/f)/(-8 + 1070/135).
3, 11
Let q(g) = -g**3 + 16*g**2 - 11*g - 33. Suppose -2*t - 2 + 10 = 0. Suppose 22 = t*l - 38. What are the prime factors of q(l)?
3
Suppose -5*p + 20570 = -5*r, -4*p + 4094 = -3*p - 11*r. List the prime factors of p.
2, 3, 7
Let x = -61 - -119. What are the prime factors of x/1 + (-24 - -18)?
2, 13
Let x(d) = d**3 + 10*d**2 + 4*d + 9. Let q be x(-9). Let r = -51 + q. List the prime factors of r/(-1)*(-12)/(-18) + 9.
7
Let q be -2 + 6*(-2)/4*1. Let p be q*1/(-40)*8. What are the prime factors of p/(-1) + 74 + 2?
3, 5
Let t = 319 - 319. Let s(n) = n**3 - n**2 + 11*n + 140. List the prime factors of s(t).
2, 5, 7
Let h = -406 - -409. Suppose 4*n - 5*b - 2955 = 0, -h*n + 2225 = 3*b + 2*b. List the prime factors of n.
2, 5, 37
List the prime factors of (668/(-8) + 16)*(1 - 13).
2, 3, 5
Let n(l) = -8*l + 3*l**2 + 5*l - 42 + 13*l. Let m be n(-13). Suppose -5*k + m = 65. List the prime factors of k.
2, 3
Suppose 2*w - 19310 = -320*t + 324*t, 19313 = 2*w - 3*t. What are the prime factors of w?
9661
Suppose -2*v + 3255 + 619 = -4*d, 4 = d. List the prime factors of v.
5, 389
Let g(r) = -2*r**3 + 140*r**2 - 251*r - 205. List the prime factors of g(66).
18077
Let p(b) = -13*b**3 + 177*b**2 - 11*b + 8. List the prime factors of p(7).
5, 829
Suppose 3*k - 16077 = 4*z, -3*k - 1866 = 2*z - 17943. What are the prime factors of k?
23, 233
Let d(h) = -685*h - 6462. List the prime factors of d(-41).
7, 3089
Let l(s) = -2*s + 13. Let v be l(6). Let d be (-818)/(-4) + (1/2)/v. Suppose d = 2*x - c, -3*x - c = -2*x - 95. What are the prime factors of x?
2, 5
Suppose 3*g - 95*c = -99*c + 23368, 3*g - 23376 = -3*c. List the prime factors of g.
2, 3, 5, 13
Let h(t) = -12*t**3 - 6*t**2 - 4. Let u(d) = 12*d**3 + 7*d**2 - 2*d + 5. Let q(p) = 4*h(p) + 3*u(p). What are the prime factors of q(-2)?
5, 19
Suppose 14*h - 208 = -2*h. Let d = h - -199. What are the prime factors of d?
2, 53
Suppose -6*y - 11*y = -68. Suppose i + 0*t = 2*t + 452, -1860 = -y*i - 5*t. List the prime factors of i.
2, 5, 23
Let u(t) = 161*t - 250. List the prime factors of u(3).
233
Let s(a) = -a**2 - 5*a + 2. Let w be s(-5). Let q(d) = -w - 3*d**3 + 5*d + 10*d**2 + 4*d**3 + 4*d. What are the prime factors of q(-8)?
2, 3
Suppose 5*g - 168 = a, -5*g - 176 - 514 = 5*a. Let q = a - -1457. List the prime factors of q.
2, 3, 73
Let w(o) = 2*o**3 - 217*o**2 - 224*o - 599. List the prime factors of w(110).
3, 1229
Let v = -101 - -99. List the prime factors of 378/((117/(-104))/(3/v)).
2, 3, 7
Suppose 21683 = 3*a + 5*u, 5043 = 2*a - u - 9434. Suppose 0 = -37*q + a + 16518. What are the prime factors of q?
2, 3, 107
Let x = 36045 + -17504. What are the prime factors of x?
18541
Let a = -3272 + 5635. What are the prime factors of a?
17, 139
Suppose -27180 = 3402*b - 3408*b. List the prime factors of b.
2, 3, 5, 151
Let l = 36581 - 1189. List the prime factors of l.
2, 7, 79
Suppose -v = -0*v - 74. Suppose 0 = 4*q - 18 - v. Suppose 267 + q = 2*c. List the prime factors of c.
5, 29
Let h(l) = -l**3 + 11*l**2 - 46*l - 4. What are the prime factors of h(-14)?
2, 5, 277
Let o(h) = -1489*h - 646. What are the prime factors of o(-9)?
5, 2551
Let u(i) = -501*i + 5. Let v be u(-1). Let g = 1143 - v. List the prime factors of g.
7, 13
Let u(w) = w**3 + 14*w**2 - 61*w - 47. Let i be 8*3*(-48)/72. List the prime factors of u(i).
3, 139
Suppose 0 = 11*r - 751 - 14231. Suppose 17*p - 372 - r = 0. List the prime factors of p.
2, 3, 17
What are the prime factors of (-6 - 312/(-36))/((-1)/(-2388))?
2, 199
Suppose -2*l = 5*n - 0*n - 16, -3*n - 5*l = -2. Suppose 3*g - 32 = -n*o + 5*g, -4*o - 2*g = -48. List the prime factors of 348/o*60/18.
2, 29
Suppose 0 = 5*z - 37 + 32. List the prime factors of 68991/1098 - z/(-6)*1.
3, 7
Suppose 82774 - 401615 = -56*c + 767335. List the prime factors of c.
2, 13, 373
Let k(l) = -l**2 - 27*l + 33. Let u = -30 + 9. Let y be k(u). Suppose -y + 23 = -t + 5*g, -530 = -5*t - 5*g. What are the prime factors of t?
3, 37
Suppose -49490 = -3*d - t, -3*d = 3*t - 31871 - 17605. What are the prime factors of d?
7, 2357
List the prime factors of -2*3/(-2) - (-640 - 0).
643
Let w(x) = -137*x + 3. Suppose 0 + 9 = -3*p. Let m be w(p). Suppose -m = -4*q - q + 3*l, -2*l = 4*q - 340. What are the prime factors of q?
2, 3, 7
Let a be ((-16)/10)/(26/(-65)). Suppose 0 = -h + 3*b - 0*b + 11, 0 = -4*h + a*b + 20. Suppose 81 = h*y - 59. What are the prime factors of y?
2, 5, 7
Let d be (-8 + 13)*1684/10 + 3. Suppose 39*k - 40*k = -4*q - 827, k = -5*q + d. List the prime factors of k.
5, 167
Let w be 3*(303/6 - 2/4). What are the prime factors of (-5)/(w/(-20336)) - 10/(-75)?
2, 3, 113
Suppose -4*v = -3*d - 4 + 8, 12 = v - 4*d. Let a be v/(-4) + -3 - -2. List the prime factors of (a + 2)*(-303)/(-6).
101
Let i(d) = -d**3 - 17*d**2 - 17*d - 16. Let u be i(-16). What are the prime factors of (u - -2) + 678 - (-29 - -33)?
2, 13
Let k(x) = -41*x - 41. Let n be k(-11). Suppose 844 = 2*w - 4*g, -w - 6*g + 5*g = -n. What are the prime factors of w?
2, 3, 23
Let p = 106 - -154. What are the prime factors of (8*p)/5 - -6?
2, 211
Suppose -q + 56 = 53. Suppose -q*r + 5*t = 44, 5*r + 3*t = -0*t - 28. List the prime factors of r/((-1 - 3) + 3).
2
Let x = -5797 + 11849. What are the prime factors of x?
2, 17, 89
Let c = -57022 - -81541. What are the prime factors of c?
3, 11, 743
Let k = 25289 - -2523. What are the prime factors of ((-1)/4*2)/((-34)/k)?
409
Let g(p) = 28*p**2 - 2*p + 2. Suppose -7*m + 42 = -49. Suppose 0 = 6*s + 5 + m. List the prime factors of g(s).
2, 5, 13
Let f be -2 + -2 + 3/(12/8). Let c be (-2 + -1)/(f + (-169)/(-86)). Let x = c + -73. List the prime factors of x.
13
Suppose 3*b = q + 117, -2*q - 210 = -4*b - 56. Let j(p) = p**3 - 39*p**2 - 39*p - 18. List the prime factors of j(b).
2, 11
Let m be 27/33 + 20/110. List the prime factors of (-31*(-38)/2)/m.
19, 31
Suppose 5*r + x = 57987, -17*r = -18*r - x + 11603. What are the prime factors of r?
2, 13, 223
Let y(l) = -l**2 - 2*l + 62. Let m be y(-21). Let h = m - -1065. What are the prime factors of h?
2, 7, 13
List the prime factors of 40/16 - 3/(36/(-54642)).
2, 17, 67
Suppose 0 = -2*a + a + 11. Let t(h) = 2*h**2 - 23*h + 14. Let v be t(a). Suppose -4*r = 3*l - 353, 2*r + l - 176 - v = 0. What are the p